it of 15621800?
5
What is the millions digit of 2449502?
2
What is the hundreds digit of 302353?
3
What is the thousands digit of 345275?
5
What is the hundred thousands digit of 15583754?
5
What is the ten thousands digit of 80509?
8
What is the hundreds digit of 549083?
0
What is the hundreds digit of 4388720?
7
What is the ten thousands digit of 298813?
9
What is the millions digit of 3736694?
3
What is the hundred thousands digit of 1724059?
7
What is the hundreds digit of 297777?
7
What is the units digit of 193692?
2
What is the thousands digit of 970225?
0
What is the tens digit of 528365?
6
What is the tens digit of 4699105?
0
What is the hundred thousands digit of 1814837?
8
What is the tens digit of 338064?
6
What is the ten millions digit of 25344156?
2
What is the hundred thousands digit of 1794249?
7
What is the hundred thousands digit of 1486365?
4
What is the units digit of 432484?
4
What is the tens digit of 8143743?
4
What is the millions digit of 1028558?
1
What is the ten thousands digit of 334642?
3
What is the ten millions digit of 26581163?
2
What is the hundreds digit of 13001537?
5
What is the hundred thousands digit of 139502?
1
What is the tens digit of 1407250?
5
What is the units digit of 23312?
2
What is the units digit of 2521115?
5
What is the hundreds digit of 7958052?
0
What is the units digit of 17279673?
3
What is the ten thousands digit of 104503?
0
What is the hundreds digit of 24640622?
6
What is the millions digit of 1507654?
1
What is the units digit of 194970?
0
What is the units digit of 158811?
1
What is the tens digit of 1938652?
5
What is the tens digit of 114106?
0
What is the hundreds digit of 816050?
0
What is the hundreds digit of 574870?
8
What is the units digit of 428776?
6
What is the hundreds digit of 12016?
0
What is the hundred thousands digit of 1209332?
2
What is the thousands digit of 446467?
6
What is the thousands digit of 313339?
3
What is the tens digit of 7750924?
2
What is the hundred thousands digit of 315703?
3
What is the millions digit of 7839933?
7
What is the units digit of 4769263?
3
What is the thousands digit of 186050?
6
What is the tens digit of 440888?
8
What is the ten thousands digit of 6381876?
8
What is the ten thousands digit of 232714?
3
What is the thousands digit of 10331538?
1
What is the hundred thousands digit of 133367?
1
What is the ten thousands digit of 3755560?
5
What is the thousands digit of 1195079?
5
What is the hundred thousands digit of 7001113?
0
What is the hundreds digit of 908468?
4
What is the units digit of 217673?
3
What is the tens digit of 23944912?
1
What is the ten thousands digit of 765933?
6
What is the millions digit of 6549349?
6
What is the tens digit of 2770677?
7
What is the ten thousands digit of 823898?
2
What is the tens digit of 4911768?
6
What is the hundreds digit of 1607821?
8
What is the hundreds digit of 42266?
2
What is the hundreds digit of 167308?
3
What is the ten thousands digit of 9048092?
4
What is the tens digit of 2221826?
2
What is the hundreds digit of 13183646?
6
What is the hundreds digit of 455145?
1
What is the units digit of 809826?
6
What is the units digit of 9651932?
2
What is the thousands digit of 153668?
3
What is the hundreds digit of 124959?
9
What is the thousands digit of 211739?
1
What is the hundred thousands digit of 162127?
1
What is the hundreds digit of 1040573?
5
What is the hundred thousands digit of 1175215?
1
What is the tens digit of 5731102?
0
What is the units digit of 276928?
8
What is the units digit of 15363736?
6
What is the ten millions digit of 10314657?
1
What is the hundreds digit of 613367?
3
What is the ten thousands digit of 1972374?
7
What is the hundreds digit of 39428000?
0
What is the ten thousands digit of 5971913?
7
What is the hundred thousands digit of 9219164?
2
What is the hundred thousands digit of 1517096?
5
What is the units digit of 7578529?
9
What is the hundreds digit of 10859982?
9
What is the tens digit of 1991883?
8
What is the hundreds digit of 6851260?
2
What is the millions digit of 10030907?
0
What is the hundred thousands digit of 7456790?
4
What is the tens digit of 6502207?
0
What is the hundreds digit of 915462?
4
What is the units digit of 20468055?
5
What is the tens digit of 9755476?
7
What is the units digit of 85159?
9
What is the millions digit of 1101233?
1
What is the ten thousands digit of 428384?
2
What is the tens digit of 212519?
1
What is the hundreds digit of 81227?
2
What is the tens digit of 416080?
8
What is the tens digit of 1989429?
2
What is the units digit of 188503?
3
What is the units digit of 2192?
2
What is the units digit of 253261?
1
What is the thousands digit of 873778?
3
What is the units digit of 814519?
9
What is the hundred thousands digit of 31187899?
1
What is the hundreds digit of 3490452?
4
What is the thousands digit of 119228?
9
What is the hundreds digit of 993680?
6
What is the millions digit of 5848353?
5
What is the thousands digit of 752067?
2
What is the hundred thousands digit of 1158098?
1
What is the hundreds digit of 47838?
8
What is the thousands digit of 563903?
3
What is the ten thousands digit of 1865148?
6
What is the ten thousands digit of 288174?
8
What is the ten thousands digit of 266897?
6
What is the hundreds digit of 112035?
0
What is the thousands digit of 1017599?
7
What is the tens digit of 725849?
4
What is the ten thousands digit of 2291647?
9
What is the units digit of 294941?
1
What is the units digit of 6715021?
1
What is the ten thousands digit of 1747490?
4
What is the units digit of 1339482?
2
What is the hundreds digit of 2386324?
3
What is the hundred thousands digit of 14615425?
6
What is the thousands digit of 710109?
0
What is the thousands digit of 66065?
6
What is the units digit of 6702?
2
What is the hundred thousands digit of 12346049?
3
What is the tens digit of 170835?
3
What is the ten thousands digit of 3777262?
7
What is the hundreds digit of 1172071?
0
What is the hundreds digit of 6912374?
3
What is the thousands digit of 744893?
4
What is the tens digit of 1234704?
0
What is the thousands digit of 856281?
6
What is the thousands digit of 7357719?
7
What is the millions digit of 13782957?
3
What is the units digit of 119950?
0
What is the hundreds digit of 10212672?
6
What is the millions digit of 26922986?
6
What is the hundred thousands digit of 255733?
2
What is the millions digit of 9107487?
9
What is the millions digit of 2304121?
2
What is the units digit of 1141179?
9
What is the hundred thousands digit of 5500728?
5
What is the hundreds digit of 15526479?
4
What is the hundreds digit of 20994083?
0
What is the hundred thousands digit of 382531?
3
What is the ten thousands digit of 1613371?
1
What is the tens digit of 389789?
8
What is the thousands digit of 840259?
0
What is the thousands digit of 205060?
5
What is the ten millions digit of 11520972?
1
What is the units digit of 21855859?
9
What is the millions digit of 8443084?
8
What is the millions digit of 2623290?
2
What is the ten millions digit of 31964845?
3
What is the millions digit of 19359510?
9
What is the thousands digit of 315757?
5
What is the thousands digit of 584233?
4
What is the hundreds digit of 11962051?
0
What is the units digit of 16647981?
1
What is the hundreds digit of 1304900?
9
What is the ten thousands digit of 4479749?
7
What is the tens digit of 3508296?
9
What is the tens digit of 3921188?
8
What is the units digit of 5084126?
6
What is the units digit of 3901737?
7
What is the ten millions digit of 14008297?
1
What is the hundred thousands digit of 195898?
1
What is the units digit of 105103?
3
What is the hundred thousands digit of 7335359?
3
What is the hundreds digit of 1737873?
8
What is the hundreds digit of 1869458?
4
What is the thousands digit of 9501947?
1
What is the units digit of 101054?
4
What is the ten thousands digit of 3941003?
4
What is the hundreds digit of 236322?
3
What is the ten thousands digit of 79404?
7
What is the hundred thousands digit of 1243701?
2
What is the ten thousands digit of 840464?
4
What is the units digit of 2431519?
9
What is the hundred thousands digit of 441421?
4
What is the hundred thousands digit of 261036?
2
What